4*x, 57 = 3*l - 4*x. Suppose -1200 = 9*z - l*z. Calculate the highest common factor of z and 24.
24
Let l be 50250/(-70) - (-6)/7. Let n = 762 + l. What is the greatest common divisor of n and 18?
9
Suppose 4*w + 4*x = -0*w + 10560, 0 = 5*w - 4*x - 13191. Let c = -1709 + w. Calculate the highest common divisor of 62 and c.
62
Let j be 5 + (-63)/45 + 2/5. What is the highest common factor of 17 and j?
1
Suppose -7204 = -67*v + 836. Let w = 79 - -5. What is the highest common factor of v and w?
12
Let p = -263 + 263. Suppose g - 27 = -p. Calculate the greatest common factor of g and 99.
9
Let i be ((-253)/5 + -1)/(((-12)/231)/(14150/15565)). Let y = -54 - -75. What is the highest common factor of i and y?
21
Suppose 3*u + 17*t - 300 = 22*t, 3*t - 300 = -3*u. Let i = -156 + 231. Calculate the greatest common factor of i and u.
25
Suppose -504 = -5*a - m, 0 = -3*a - 4*m + 121 + 178. Let l = a - 32. Calculate the greatest common divisor of 184 and l.
23
Suppose 3*m - d = 409 + 357, 0 = 5*m - 2*d - 1276. Suppose -251*t + m*t = 950. Calculate the greatest common divisor of t and 76.
38
Let n(q) = 29*q + 155. Suppose 14*a + 18 = -52. Let u be n(a). Let v be ((-2)/4)/(1/(-4)). What is the highest common divisor of v and u?
2
Let w(h) = h**3 + 20*h**2 + 3. Let p be w(-20). Let d be p/12 - ((-131)/4 - 2). Suppose -700 = 9*t - 13*t. What is the highest common divisor of t and d?
35
Let s = 2387 - 2359. What is the greatest common divisor of s and 72?
4
Suppose 19*z = 5661 + 8437. Calculate the greatest common factor of z and 424.
106
Let a(s) = 35*s + 8*s**2 + s**3 - 59*s + 2 + 33*s. Let y be a(-6). What is the highest common divisor of y and 160?
20
Let r be (-75)/11 - (-54)/(-297). Let n be (-171)/(-63) - 2/r. Let y be (280 - (-2 + n/3)) + -2. What is the highest common factor of y and 31?
31
Let s(b) = -2*b**2 + 19*b - 12. Let y be s(12). Let o = y + 90. Let w(t) = -t**2 - 2*t + 198. Let h be w(0). What is the greatest common factor of o and h?
18
Let v be (14/126*-6)/(2/312). Let n be (1014/v)/(6/(-136)). What is the highest common factor of 102 and n?
17
Let q = -173 + 171. Let p be -2 + (-5 - q - -120). What is the highest common divisor of p and 69?
23
Let k be (-7 + (-465)/(-36) - 1/4)*789. Calculate the greatest common factor of 17 and k.
17
Suppose 329*l - 103*l = 2712. What is the highest common divisor of 159 and l?
3
Let t(c) = -133*c + 818. Let g be t(6). What is the greatest common factor of g and 5080?
20
Let x(z) = -z**3 + 47*z**2 - 203*z + 70. Let v be x(40). What is the greatest common factor of 18 and v?
18
Let c(f) = f**3 + 58*f + 10263. Let s be c(0). Calculate the highest common divisor of 99 and s.
33
Let n = 11236 + -11222. Calculate the greatest common factor of n and 27818.
14
Let w(k) = -k**3 + 12*k**2 - 9*k - 2. Let s be w(11). Suppose -12 + s = 2*h. Let o be (-42)/h*(-180)/27. Calculate the highest common divisor of 14 and o.
14
Let b(g) = 12 + 29 - g - 27. Let r be b(16). Let y be (1 + -1)/r + 15. What is the highest common divisor of y and 15?
15
Let j(s) = -2*s**2 + 8*s - 6. Let a be j(-4). Let b be a/21*((-717)/6 - 2). Calculate the greatest common divisor of 243 and b.
81
Suppose -172*d = -10435 - 38413. What is the highest common factor of 4 and d?
4
Let y be 3305/25 - -8*(-2)/(-20). What is the highest common divisor of 209 and y?
19
Let h be 4/(3 + 2/(-2)). Suppose -5*i - 3*a = 60, -h*i - 7*a = -3*a + 10. Let r be ((-48)/5)/(1 + 18/i). Calculate the highest common factor of 36 and r.
12
Let f = 10582 - 10564. What is the highest common divisor of 61002 and f?
18
Suppose -5*m - 162 = -r - 18, -2*m = -4*r + 504. Let f be (-12)/10*(-6 - r). Calculate the highest common divisor of f and 12.
12
Suppose -2*w - 2*w = -5*n + 70, n - 23 = -w. Let v(r) = 147*r**2 + 3*r + 2. Let k be v(-1). Let q = -92 + k. What is the greatest common factor of n and q?
18
Suppose m = -5*d + 17, 2*m + d - 9 - 7 = 0. Let b(j) = -j**3 + 7*j**2 + 13*j + 14. Let q be b(m). What is the greatest common factor of q and 63?
21
Suppose 0 = 3*j - 3*g - 12, 0*j - 3*g = -j. Suppose -j*s + 3*s = 69. Let d = 33 + s. Calculate the highest common divisor of d and 40.
10
Suppose 5*z - 4*k - 442 = 0, 2*z = -z - 2*k + 274. Let o = z + -56. Let r = o - -2. Calculate the greatest common factor of 45 and r.
9
Let z be 2419 - (126/21 - 23). What is the highest common divisor of z and 56?
28
Let c = -452 - -718. Suppose 117*s - 1484 = 11*s. What is the greatest common divisor of c and s?
14
Let u(d) = -d**2 - 116*d - 264. Let c be u(-105). What is the greatest common divisor of 231 and c?
33
Let g = -48 + 150. Suppose 2270 = 82*j - 3306. Calculate the highest common divisor of j and g.
34
Let h be 7/14*4904 - 20. Calculate the highest common factor of 192 and h.
64
Let o(y) = -9*y**3 + y + 2. Suppose -3*t + 6 = 4*w - t, w + 26 = 5*t. Let k be o(w). Calculate the greatest common factor of k and 6.
2
Let n be 42 + ((-8)/6)/((1/(-3))/(-1)). Calculate the highest common divisor of 741 and n.
19
Let r be 21 - (0 - -2 - 4)*(1 + -3). What is the highest common factor of r and 901?
17
Let w be ((-986)/(-51))/((-5)/(-15)). Calculate the highest common divisor of 1711 and w.
29
Suppose -11 = -5*g + 628*v - 632*v, 3*v + 18 = 5*g. Calculate the highest common divisor of g and 3336.
3
Suppose 24*p - 6*p = -0*p + 69048. Calculate the greatest common factor of 28 and p.
28
Let w = -409 + 591. Suppose -w = 8*o - 334. Calculate the highest common divisor of o and 361.
19
Suppose 0 = -3*n - 2*f + 506, -1251 + 415 = -5*n + 4*f. What is the highest common divisor of n and 768?
24
Suppose -n + 4*n - 6 = 0. Suppose 3*a - n*a + 2 = 0. Let m be (330/15)/(a/(-15)). Calculate the highest common divisor of 15 and m.
15
Let n(a) = 2*a**2 - 6*a - 2. Let o be n(5). Let x = 27064 - 27001. What is the highest common factor of x and o?
9
Let n(x) = -51*x + 6. Let m be n(-5). Let y = 176 + -171. Suppose 3*z - 97 = -y*b + 60, 0 = 2*z - 8. Calculate the greatest common factor of m and b.
29
Let u = -121 + 125. Suppose -u*l - 6 + 22 = 0. Let s be (-4)/5*50/(-4). What is the greatest common factor of l and s?
2
Let w = 664 + 936. What is the greatest common divisor of 50 and w?
50
Suppose -6*k = 132*k - 75072. What is the greatest common divisor of k and 3536?
272
Let s(w) = 21*w**3 - w**2 + 25*w - 65. Let l be s(4). Calculate the greatest common factor of l and 47.
47
Suppose -4*s - s = -135. Let d be (-40)/(-400) + (5516/40 - 3). What is the greatest common divisor of d and s?
27
Suppose 10*v + 20 = 15*v. Suppose 62 = v*i - 10. Let q(h) = h + 30. Let m be q(6). Calculate the highest common divisor of m and i.
18
Suppose -3*t = 5*v - t - 982, -4*v + 800 = -2*t. What is the highest common divisor of v and 924?
66
Let x be (-40)/(-1 - (-1)/3). Suppose 29*u + 120*u - 22*u - 13335 = 0. Calculate the highest common factor of x and u.
15
Let l(f) = -f**3 - f**2 - 2*f + 3. Let w be l(0). Suppose -5*g + 26 = o, -w*o = 4*g - 21 - 2. What is the highest common divisor of o and 1?
1
Let v = -11941 - -13411. What is the highest common divisor of 390 and v?
30
Let j(y) = -14*y - 300. Let f be j(-34). Let b be ((-243)/36)/(1/(f/(-6))). Calculate the highest common divisor of 12 and b.
6
Suppose 2*a + 2*o = 288, 21*a - 696 = 16*a + o. Suppose 0*y - 5*y = -1120. Calculate the greatest common divisor of y and a.
28
Let h = -5988 - -6447. What is the greatest common factor of 102 and h?
51
Let b be -6*(-4 + (-2)/4). Suppose -4*r + 5*f + 766 = 0, 5*r - 4*f - 153 = 800. What is the greatest common factor of r and b?
27
Let g be -5*4/(-10)*-1. Let z be ((-45)/g)/((-9)/(-12)). Let v = -20 + z. What is the greatest common factor of 80 and v?
10
Suppose -14*a + 1787 = -2*a - 481. Suppose -3*j + 70 = 2*j. What is the greatest common divisor of a and j?
7
Suppose 4*d + 9 = 37. Suppose -3*x = -d*x + 80. Suppose -4*q + 82 = -f, 2*f + 24 = -3*q + 80. What is the greatest common divisor of q and x?
20
Let j be (19/(-9) - -2) + 58 + 245398/522. Suppose -132 = 2*o - 6*o. Calculate the highest common divisor of o and j.
33
Let u be (0 - -9)*(-2)/6. Let x(a) = -29*a - 3. Let w be x(u). Calculate the greatest common divisor of w and 12.
12
Let c = -11 + -10. Let w = c + 23. Let g be 2 + (-25)/20 - w/(-8). Calculate the highest common 